{"id":8,"date":"2016-01-31T00:06:27","date_gmt":"2016-01-31T00:06:27","guid":{"rendered":"http:\/\/mariafr.uy\/2016\/?page_id=8"},"modified":"2024-03-09T14:01:34","modified_gmt":"2024-03-09T13:01:34","slug":"sobre-mi","status":"publish","type":"page","link":"https:\/\/mariafr.uy\/index.php\/sobre-mi\/","title":{"rendered":"SOBRE M\u00cd"},"content":{"rendered":"<p>Mi nombre es Mar\u00eda Fern\u00e1ndez Russomagno, nac\u00ed en Montevideo en 1981 y soy un ser inquieto: soy comunicadora, dise\u00f1adora, fot\u00f3grafa y artista.<\/p>\n<p>Desde 2003 me desempe\u00f1o como consultora en comunicaci\u00f3n, actividad que combino con ser dise\u00f1adora gr\u00e1fica y fot\u00f3grafa <em>freelance<\/em>\u00a0.<\/p>\n<p>Actualmente, soy responsable de comunicaci\u00f3n institucional en la Institutuci\u00f3n Nacional de Derechos Humanos y Defensor\u00eda del Pueblo (INDDHH), docente Comunicaci\u00f3n Visual en la Licenciatura en Gesti\u00f3n Cultural de la Facultad de la Cultura de la Universidad CLAEH y docente de comunicaci\u00f3n corporativa y de crisis en el Posgrado de Gesti\u00f3n de Salud de la misma Universidad.<\/p>\n<p>En este sitio web intento tener un porfolio de mi trabajo, aunque no siempre est\u00e1 actualizado, por aquello de cumplir con el refr\u00e1n \u00aben casa de herrero, cuchillo de palo\u00bb.<\/p>\n<p>Bienvenid@s!<\/p>\n<p>Para conocer mi <a href=\"http:\/\/mariafr.uy\/curriculum-vitae\/\">Curriculum Vitae completo pueden entrar aqu\u00ed<\/a>.<\/p>\n","protected":false},"excerpt":{"rendered":"<p>Mi nombre es Mar\u00eda Fern\u00e1ndez Russomagno, nac\u00ed en Montevideo en 1981 y soy un ser inquieto: soy comunicadora, dise\u00f1adora, fot\u00f3grafa y artista. Desde 2003 me desempe\u00f1o como consultora&#8230;<\/p>\n","protected":false},"author":1,"featured_media":2097,"parent":0,"menu_order":0,"comment_status":"closed","ping_status":"closed","template":"","meta":{"footnotes":""},"class_list":["post-8","page","type-page","status-publish","has-post-thumbnail","hentry"],"_links":{"self":[{"href":"https:\/\/mariafr.uy\/index.php\/wp-json\/wp\/v2\/pages\/8","targetHints":{"allow":["GET"]}}],"collection":[{"href":"https:\/\/mariafr.uy\/index.php\/wp-json\/wp\/v2\/pages"}],"about":[{"href":"https:\/\/mariafr.uy\/index.php\/wp-json\/wp\/v2\/types\/page"}],"author":[{"embeddable":true,"href":"https:\/\/mariafr.uy\/index.php\/wp-json\/wp\/v2\/users\/1"}],"replies":[{"embeddable":true,"href":"https:\/\/mariafr.uy\/index.php\/wp-json\/wp\/v2\/comments?post=8"}],"version-history":[{"count":9,"href":"https:\/\/mariafr.uy\/index.php\/wp-json\/wp\/v2\/pages\/8\/revisions"}],"predecessor-version":[{"id":2219,"href":"https:\/\/mariafr.uy\/index.php\/wp-json\/wp\/v2\/pages\/8\/revisions\/2219"}],"wp:featuredmedia":[{"embeddable":true,"href":"https:\/\/mariafr.uy\/index.php\/wp-json\/wp\/v2\/media\/2097"}],"wp:attachment":[{"href":"https:\/\/mariafr.uy\/index.php\/wp-json\/wp\/v2\/media?parent=8"}],"curies":[{"name":"wp","href":"https:\/\/api.w.org\/{rel}","templated":true}]}}